e third derivative of m(t). Let b be (-33)/15 + (-1)/(-5). Calculate r(b).
-12
Let h(k) = 71*k - 423. Let a be h(6). Let y(o) be the first derivative of -4/3*o**a - 1/4*o**4 + 2*o**2 - 3*o - 5. Give y(-5).
2
Let g(w) = 16*w**2 + 21381*w - 3*w**3 - 21380*w + 2*w**3 - 21. Suppose 5*b - 94 = -2*n - 24, -5*n - 25 = 0. Give g(b).
-5
Let p(z) be the second derivative of -z**7/840 - z**6/720 + z**5/120 - 33*z**4/4 + z**3/6 - 6*z + 14. Let f(i) be the third derivative of p(i). Determine f(3).
-29
Let n(p) = p**2 + 7*p - 4. Let f(w) = 7*w**2 + 26*w + 12. Let o(j) = -3*j**2 - 9*j - 4. Let b(z) = 4*f(z) + 11*o(z). Let u be b(-1). Calculate n(u).
-10
Let a = 42 + -16. Suppose 10 = -4*y + a. Suppose 3*k = -2*u + k - 24, 0 = -u - y*k - 21. Let w(p) = p + 9. Determine w(u).
0
Let n(a) = 60*a**3 - a. Suppose 2515*m = 2513*m - 3*y + 8, -5*m + 3*y - 1 = 0. What is n(m)?
59
Suppose 99*z = 235 - 37. Let u(p) = 9*p**2 + p. Give u(z).
38
Let a(n) be the third derivative of n**6/360 + 7*n**5/60 - 13*n**4/12 - 2*n**2 - 12. Let d(w) be the second derivative of a(w). Calculate d(-8).
-2
Let f = 5 + -9. Let y(s) = -s**3 - s**2 + 2*s + 2. Let d be y(0). Let l(c) = 9 - 4*c**d - 21*c**3 - 10 + 20*c**3. Give l(f).
-1
Let o(h) = h**2 + 16*h + 22. Let n(a) = 2*a**3 + 12*a**2 + 22*a - 2. Let d be n(-3). Give o(d).
-6
Let p(q) be the second derivative of q**3/6 + 3*q**2/2 - 27637*q. Let j = -1 + -4. What is p(j)?
-2
Let l(r) = r**2 + 7*r - 2. Let x(p) be the second derivative of -p**5/20 - 13*p**4/12 - 11*p**3/6 + 7*p**2/2 + 79*p. Let h be x(-12). Determine l(h).
-12
Let u(a) = -17*a**3 + 3*a**2 + 18*a + 14. Let q be u(-1). Let p(y) = -y**3 + 15*y**2 + 9*y + 47. Give p(q).
-65
Let h(s) = -6*s**2 + 17*s**3 - 2 + 18*s**2 + 6*s - 14*s**3. Let a(b) = -4*b**3 - 14*b**2 - 6*b + 1. Let j(k) = 4*a(k) + 5*h(k). Give j(5).
-1
Let u = -1 + 1. Suppose 3*i - 2*q - 4 = u, 2*q + 12 = 6*i - i. Let o(l) = -4*l**2 - 4*l - 20 - 37 + 2*l**3 - l**3 + l**2 + 56. Calculate o(i).
-1
Let c(z) = -2*z - 13. Let j(b) = b + 7. Let g(k) = -4*c(k) - 7*j(k). Suppose 171*r - 1308 = 112*r + 495*r. Give g(r).
0
Let m(l) = -89*l + 135. Let q(t) = -16*t - 1. Let b(d) = m(d) - 6*q(d). What is b(-21)?
-6
Let m(y) = -3*y**2 + 3 + y + 307*y**3 - 306*y**3 + 0*y. Let b be m(-3). Let g = b - -50. Let z(f) = -3*f - 5. Give z(g).
7
Let d(j) = -j**3 + j**2 + 8. Let q(u) = -127*u + 3. Let b be q(-1). Let z = b + -89. Let x = z - 41. Calculate d(x).
8
Let s(j) = -j**3 - 4*j**2 + 6*j - 4. Suppose -2 = u, 0 = -5*f + 271*u - 266*u - 15. Determine s(f).
-9
Let q(p) be the second derivative of -p**4/6 + p**3/6 + p**2 - 21*p. Let f(h) = -8*h + 238. Let w be f(30). Give q(w).
-8
Let v(g) = g - 3. Let b be (-2)/(-3) - 1256/(-24). Let d be -18*(-12)/(-90)*5*4. Let a = d + b. Give v(a).
2
Suppose -5*w + 2053 = 3*w + 2125. Let x(t) = 21*t + 187. Determine x(w).
-2
Let v(r) = 5 + 94*r**2 - 5*r - 10*r - 92*r**2 - 1. Determine v(11).
81
Let q = 611 - 584. Let h(y) be the first derivative of -q - 1/2*y**2 + 2*y. Calculate h(-5).
7
Suppose 0*y - 49 = 35*y - 224. Let n(w) = -w**3 + 3*w**2 + 1. Give n(y).
-49
Let h(t) = 857 - 855 + 0*t + 6*t. Let n(f) = f**3 - f**2 - f. Suppose -5*g - 20 = -30. Let l be n(g). Determine h(l).
14
Let y(a) = 4*a - 9*a + 3*a**2 - 2*a**2 + 10 - 6*a**2 + 8*a**2. Determine y(5).
60
Let z(r) = -404*r + 407. Let k be z(1). Let j(v) be the first derivative of -1/2*v**2 - k*v - 10. Calculate j(-7).
4
Suppose 7*n - 8*n = -11*n. Let y be 1 - (24 - n)/(-1). Let x(s) = -y - 5*s - 26 - s**2 - 33 + 87. Determine x(-5).
3
Let q(z) be the first derivative of 5*z**3/3 - z - 3. Suppose 3*v - 24 = -v - 4*i, -4*i + 16 = 2*v. Let j be ((-12)/v + 1)/(-4 + 2). Determine q(j).
4
Let h be (40/(-24) - -2)*33. Let g = 5 - 4. Let p(i) = h*i - 11*i - g - i. Determine p(-3).
2
Let i be ((-4)/(-4))/(7/119). Let n(q) = 9 + 20*q - 1 - 21*q. Let p(f) = 2*f - 23. Let l(t) = i*n(t) + 6*p(t). Calculate l(5).
-27
Let u(a) be the first derivative of -a**4/4 - 2*a**3 - 5*a**2/2 - a + 33760. Suppose 15 - 3 = 4*p. Suppose -z + 4 = 0, -p*z + 4 = -3*x - 20. Calculate u(x).
-13
Let c(g) be the first derivative of 3/2*g**2 - 47 + 0*g. Calculate c(1).
3
Let j(v) be the second derivative of 5/2*v**3 - 3*v**2 + 241*v + 1/12*v**4 + 0. Calculate j(-15).
-6
Let g(n) = -1 + n + 0*n + 1523*n**2 - 3278*n**2 + 1754*n**2. Let k be ((-4)/(-6))/(3/9). Give g(k).
-3
Let p be 493/(-87) - (0 + 10/(-6)). Let m(z) = 6*z**2 + z**3 - 4 + 4*z + 0*z**2 + z. What is m(p)?
8
Let w(v) = 3*v**2 + 20*v - 18. Let f(s) = s + 13*s**2 - 71 + 66*s + 14*s. Let j(d) = -2*f(d) + 9*w(d). Calculate j(-19).
-1
Let g = 14154 + -14151. Let l(x) = 20*x - 62. Give l(g).
-2
Let x(l) = -l - 9. Let z be 4 + (9 + 135)/(-12). Calculate x(z).
-1
Suppose j = -2*v + 19, 0 = -4*v - 4*j + 8*j + 8. Let t(q) = 2*q - 10*q**2 + 9*q**2 - 2 + 2*q + v. What is t(5)?
0
Let q(c) = 3*c - 50. Suppose 14*m = -49 + 273. What is q(m)?
-2
Let q(j) be the third derivative of j**5/20 + 5*j**3/6 + 1122*j**2. What is q(2)?
17
Let t(y) = 4*y**2 - 4*y + 75. Let m(d) = -21*d**2 + 18*d - 403. Let o(k) = 2*m(k) + 11*t(k). Determine o(6).
43
Suppose -75 - 37 = -8*i. Suppose 4*n - i*t = -13*t - 2, 0 = -n + 4*t + 7. Let w(k) = 27*k. What is w(n)?
-27
Let f(w) be the first derivative of w**2 - w + 1. Let h(g) = -3*g**3 + 23*g**2 - 3*g + 87. Let d be h(8). Give f(d).
-3
Suppose 4*c + 5*h + 23 = 52, -10*h - 2 = -2*c. Let y(s) be the second derivative of s**3/6 - 9*s**2/2 + 4*s. What is y(c)?
-3
Let o(w) = w**2 + 4*w - 30. Suppose 5*k = 3*t - 29, 2 = -69*t + 68*t. What is o(k)?
-9
Let x(m) = -7*m**3 + 9*m**2 - 6*m - 3. Suppose -69 + 114 = 9*f. Let j(y) = 12*y**3 - 17*y**2 + 12*y + 7. Let n(s) = f*x(s) + 3*j(s). What is n(5)?
11
Let j(y) = y - 6. Let z be 14/3 + (-18)/27 + -5. Let s be z/(8/(-12))*4. Give j(s).
0
Let u be (-1 - 18/(-15))/(80/6000). Let n(t) = t - 12. Calculate n(u).
3
Suppose x = 3 + 2. Let a(d) = d**3 - 2*d**2 + 6*d + 1. Let c(l) = 3*l**3 - 3*l**2 + 22*l + 5. Let q(f) = -4*a(f) + c(f). Calculate q(x).
-9
Let h(p) be the first derivative of 17 + 0*p - 11/2*p**2 - 1/2*p**3 - 1/8*p**4. Let r(o) be the second derivative of h(o). What is r(3)?
-12
Suppose u + 250 = 9*y, 4*y = -6*u + 2*u + 80. Let a(c) = c**2 - 26*c - 38. What is a(y)?
-11
Let z be (490/40 + -11)/30. Let l(v) be the third derivative of 0*v - z*v**4 + 0 - 17*v**2 + 1/6*v**3. What is l(-4)?
5
Let c(d) be the first derivative of -3*d**4/4 - 7*d**3/3 + 2*d**2 - d - 120. Let t(k) = 6*k**3 + 12*k**2 - 7*k + 2. Let u(x) = 7*c(x) + 4*t(x). What is u(-2)?
-27
Let q(i) = -5*i**2 + 4*i**3 - 2*i**3 + 10*i + 24 - 3*i**3 + 2*i**2. Give q(-5).
24
Let n(t) be the second derivative of 11*t**7/2520 + t**6/360 - t**5/120 - 17*t**4/12 + 3*t**2/2 - 13*t. Let b(g) be the third derivative of n(g). What is b(1)?
12
Let u be -10*(16/(-24) - (-8)/(-6)). Suppose -u*w = -19*w. Let f(o) be the first derivative of o**3/3 + o**2/2 + 4*o + 9. Calculate f(w).
4
Let b be (-482 - 36/(-6)) + -6. Let q = 483 + b. Let d(f) = -f + 5. Let m(r) = -3*r + 12. Let l(k) = -12*d(k) + 5*m(k). What is l(q)?
-3
Let l be (-9)/(1*(15 + -16)). Let c(q) = q**3 - 10*q**2 + 11*q - 10. Calculate c(l).
8
Let f be ((-10)/4)/(175/(-140)). Let t(y) = -19*y**2 - 22*y**2 + 88*y**2 - 1 - 21*y**f - 25*y**2 + y. What is t(-4)?
11
Let w(q) = 2*q + 43. Let b(m) = 6*m - 210. Let z(k) = -b(k) - 5*w(k). What is z(4)?
-69
Let y(z) be the third derivative of z**4/24 + z**3 + z**2. Suppose -3119*q = -3196*q - 385. Determine y(q).
1
Let r = -22 + 24. Let n be 10/r - 3 - -12. Suppose -5*g + 2*v + v + 53 = 0, -g + 4*v + n = 0. Let s(l) = l - 7. Give s(g).
3
Let b(r) = -3*r - 8. Suppose -3*t = 4*z - 28, -z - 2*t = -4*z + 4. Suppose 3*h = -3, -4*h + z = -2*a + 3*a. Give b(a).
-32
Let b(c) = 2*c**3 + 71*c**2 - 35*c + 41. Let m be (287/14 - 19)*(-120)/5. Give b(m).
5
Let o(u) be the first derivative of 2*u**3/3 - 21*u**2/2 - 16*u - 1241. Calculate o(9).
-43
Let h(q) = q**3 - 2*q**2 - 8*q + 1. Suppose -68*z + 315 = -23*z + 18*z. Give h(z).
36
Suppose -7*p + 138 - 210 = -p. Let y(w) = w**2 - w - 157. Give y(p).
-1
Let i(n) = n**2 + n + 1. Suppose 8*m - 11*m + 4*b = 30, 4*m = 3*b - 33. Determine i(m).
31
Let p(z) be the third derivative of 11*z**6/120 - z**5/60 - z**4/8 - z**3/2 + 784*z**2 - 2*z. Calculate p(-2).
-89
Let p(g) be the third